se 12
4b60
What is 3c05 (base 15) in base 6?
135222
What is 1051 (base 10) in base 2?
10000011011
Convert 101100011011 (base 2) to base 10.
2843
-1001202102 (base 3) to base 13
-9707
What is 47 (base 13) in base 5?
214
223001 (base 4) to base 7
11012
What is -1b73 (base 12) in base 4?
-311013
db (base 16) to base 6
1003
Convert 202442 (base 6) to base 16.
3f1a
Convert 66407 (base 8) to base 14.
a259
What is 111111101 (base 2) in base 3?
200212
Convert 35088 (base 9) to base 14.
8760
98cc (base 15) to base 13
1196a
113 (base 14) to base 15
e3
Convert 37ba (base 16) to base 2.
11011110111010
Convert 4f2 (base 16) to base 9.
1656
What is -2884 (base 10) in base 12?
-1804
Convert 10001111111 (base 2) to base 3.
1120122
-91b (base 14) to base 12
-1051
Convert 3221 (base 4) to base 8.
351
Convert -223a (base 12) to base 15.
-11ca
What is -1807 (base 12) in base 15?
-cc7
1202111 (base 3) to base 5
20112
Convert -328 (base 11) to base 14.
-201
Convert -2505 (base 6) to base 12.
-435
What is -17304 (base 10) in base 5?
-1023204
Convert -405323 (base 7) to base 14.
-1b283
-102100222 (base 3) to base 11
-6255
Convert -1001011000110001 (base 2) to base 12.
-1a301
Convert 11425 (base 12) to base 15.
6c7e
Convert -5110 (base 7) to base 16.
-6eb
168a (base 15) to base 7
20104
Convert 128 (base 15) to base 2.
100000111
What is 1112203 (base 4) in base 11?
4186
What is 1454 (base 13) in base 7?
11402
Convert 211233 (base 4) to base 16.
96f
What is 102112101 (base 3) in base 7?
33340
Convert -11020221 (base 3) to base 4.
-300133
Convert -111023 (base 7) to base 14.
-71ba
Convert 77357 (base 8) to base 13.
11a38
What is 1548 (base 16) in base 14?
1db2
Convert 7026 (base 10) to base 3.
100122020
10011000100100 (base 2) to base 11
7377
What is 5170 (base 15) in base 14?
63ad
Convert 15053 (base 6) to base 9.
3266
Convert 1121202120 (base 3) to base 13.
116a0
What is a833 (base 12) in base 8?
44047
Convert -2580 (base 15) to base 11.
-6009
-210205 (base 8) to base 4
-101002011
-3001 (base 6) to base 14
-345
What is -219 (base 13) in base 16?
-168
-25544 (base 6) to base 11
-2a08
What is d4c (base 14) in base 7?
10425
3101 (base 5) to base 9
485
-307 (base 12) to base 8
-667
Convert 2247 (base 10) to base 16.
8c7
Convert 83 (base 12) to base 13.
78
-1a9 (base 12) to base 10
-273
What is 29252 (base 10) in base 11?
1aa83
What is -1908 (base 10) in base 11?
-1485
a4a4 (base 15) to base 12
18184
Convert -21112 (base 3) to base 8.
-313
1791 (base 12) to base 15
c9a
Convert 3210 (base 7) to base 12.
7a6
-2523 (base 9) to base 2
-11101011100
-3589 (base 11) to base 12
-2873
What is -22125 (base 9) in base 7?
-60545
Convert -742 (base 15) to base 8.
-3145
Convert 331 (base 6) to base 2.
1111111
-1100111101 (base 2) to base 13
-4ba
Convert -188 (base 14) to base 3.
-102201
Convert 515 (base 13) to base 2.
1101011111
722 (base 10) to base 4
23102
What is -10156 (base 7) in base 13?
-1198
-1021221022 (base 3) to base 5
-1303334
Convert -2234 (base 16) to base 4.
-2020310
222112102 (base 3) to base 5
1104333
What is -95073 (base 10) in base 13?
-34374
312403 (base 5) to base 10
10353
5b6e (base 16) to base 6
300210
7616 (base 11) to base 3
111210121
2320110 (base 5) to base 9
63431
What is -16910 (base 10) in base 8?
-41016
-2242 (base 6) to base 5
-4110
486c (base 15) to base 13
701a
Convert -542 (base 6) to base 10.
-206
23113 (base 9) to base 2
11110000101010
-33727 (base 8) to base 6
-150103
What is -161c8 (base 14) in base 4?
-31133110
What is 19329 (base 14) in base 11?
43983
What is 100000011 (base 2) in base 13?
16c
4154 (base 9) to base 11
231a
111010000000111 (base 2) to base 12
15233
What is -194 (base 11) in base 12?
-168
Convert 221200010 (base 3) to base 2.
100100100011010
Convert -7a (base 11) to base 10.
-87
-208 (base 9) to base 15
-b5
1100001001011 (base 2) to base 9
8470
What is 30251 (base 7) in base 15?
2292
-3090 (base 12) to base 14
-1d00
-652 (base 11) to base 9
-1060
Convert 314 (base 8) to base 4.
3030
-1aa27 (base 11) to base 15
-89b0
Convert 2130110 (base 4) to base 8.
23424
Convert 1324 (base 9) to base 10.
994
10002303 (base 5) to base 3
10222121200
What is -3656 (base 8) in base 7?
-5506
What is -817 (base 13) in base 11?
-1038
-863 (base 11) to base 3
-1102102
What is 7013 (base 12) in base 13?
5688
-3102 (base 5) to base 13
-24c
-22011 (base 3) to base 16
-dc
What is 156621 (base 7) in base 5?
1444204
Convert -30040 (base 10) to base 4.
-13111120
What is 1111010100110 (base 2) in base 11?
5993
What is -1b5 (base 12) in base 5?
-2111
What is b12 (base 16) in base 8?
5422
3548 (base 11) to base 3
20101020
-4762 (base 8) to base 14
-cdc
38a6 (base 12) to base 2
1100100111110
Convert 110100010111010 (base 2) to base 4.
12202322
What is 814 (base 10) in base 9?
1104
Convert -144451 (base 7) to base 13.
-c9a0
Convert 20332003 (base 4) to base 2.
1000111110000011
-115710 (base 8) to base 12
-1b0b4
What is -342 (base 12) in base 15?
-222
22661 (base 7) to base 9
7882
What is 70 (base 15) in base 3?
10220
-31732 (base 8) to base 7
-53462
What is 25521 (base 6) in base 10?
3865
What is -1220001 (base 3) in base 7?
-4006
What is -2772 (base 9) in base 6?
-13402
-146 (base 15) to base 7
-564
b79 (base 15) to base 11
1a44
175 (base 16) to base 7
1042
-13504 (base 7) to base 10
-3679
What is 16422 (base 11) in base 6?
255035
What is -4256 (base 7) in base 16?
-5e7
Convert -1124b (base 12) to base 14.
-8455
What is 121200 (base 3) in base 6?
2030
1783 (base 10) to base 11
1381
What is 85 (base 15) in base 9?
148
1364 (base 8) to base 4
23310
Convert 10452 (base 6) to base 4.
113000
Convert -10120220 (base 3) to base 8.
-5070
Convert 634 (base 14) to base 16.
4c6
Convert 401 (base 13) to base 15.
302
What is 30788 (base 9) in base 16?
4f6a
11231 (base 5) to base 7
2244
-a91 (base 11) to base 7
-3551
30103303 (base 4) to base 12
25217
Convert 6222 (base 7) to base 8.
4174
What is -1986 (base 10) in base 2?
-11111000010
-427 (base 12) to base 9
-744
-13102 (base 4) to base 7
-1234
-46534 (base 8) to base 13
-9025
What is -2112001 (base 3) in base 8?
-3455
What is -287 (base 13) in base 3?
-121122
What is -32151 (base 12) in base 14?
-1a00d
-12002210 (base 3) to base 11
-2882
Convert -1011001100 (base 2) to base 9.
-875
20210101 (base 3) to base 13
233b
-221102 (base 3) to base 5
-10221
What is -114110 (base 5) in base 2?
-1000010111000
Convert 210010120 (base 3) to base 11.
10635
Convert a39 (base 12) to base 5.
21420
-16220 (base 8) to base 3
-101000211
-3296 (base 12) to base 16
-15d2
-b70 (base 16) to base 11
-2222
Convert -3224140 (base 5) to base 4.
-31122020
Convert 5332 (base 10) to base 9.
7274
Convert 251 (base 12) to base 2.
101011101
Convert a53 (base 11) to base 3.
1201222
Convert -11001102 (base 3) to base 9.
-4042
Convert -30122 (base 4) to base 13.
-491
101110 (base 3) to base 16
11a
1010110101011011 (base 2) to base 8
126533
1136 (base 7) to base 3
120112
Convert -2795 (base 10) to base 2.
-101011101011
Convert 1130 (base 6) to base 5.
2040
What is -11220111 (base 3) in base 12?
-20a1
Convert 29195 (base 13) to base 16.
12d82
Convert -43db (base 16) to base 5.
-1023441
3c1 (base 16) to base 3
1022121
What is -2b99 (base 12) in base 7?
-21015
1009 (base 15) to base 12
1b60
What is 320500 (base 6) in base 10?
26100
25358 (base 9) to base 3
212101222
631 (base 10) to base 2
1001110111
What is -3e5 (base 15) in base 4?
-31322
Convert 76b4 (base 13) to base 5.
1012130
What is -4660 (base 7) in base 16?
-6ac
-5336 (base 8) to base 2
-101011011110
What is 9 (base 10) in base 14?
9
Convert -1741 (base 8) to base 16.
-3e1
7479 (base 15) to base 2
110000000111111
-99b (base 12) to base 7
-4061
What is -546 (base 10) in base 14?
-2b0
What is 11121220 (base 3) in base 7?
12555
What is -818 (base 16) in base 2?
-100000011000
Convert 1b4 (base 13) to base 16.
13c
-bb0 (base 15) to base 8
-5120
What is 13403 (base 8) in base 2?
1011100000011
Convert 17a3 (base 12) to base 6.
21123
-10506 (base 8) to base 4
-1011012
-133202 (base 5) to base 8
-12463
7 (base 8) to base 11
7
1634 (base 9) to base 15
581
-6a6 (base 16) to base 15
-787
1020101112 (base 3) to base 9
36345
Convert -225 (base 12) to base 7.
-632
Convert 4034 (base 7) to base 8.
2565
Convert 7365 (